3 - (16 + 2) - -60)?
-68
What is the value of -130 + 46 - ((3 - 2) + -2)?
-83
Evaluate -82 + -1 - (-31 - -8 - (21 - 32)).
-71
What is the value of 21 + (1 - 61) + 2 + 27?
-10
-5 + -37 + 78 + -19
17
Calculate (-15 - (-20 - 2)) + (-54 - -12).
-35
Evaluate (21 - (3 - 26) - -98) + -13.
129
What is 25 - -11 - (-15 + 40)?
11
What is (-73 + 32 - -49) + 0 + 1 - (43 - -5)?
-39
Calculate -26 + 1 + (23 - (-55 + 154 + -63)).
-38
Evaluate 2 - 34 - (6 - (-6 - 10 - -18) - -7).
-43
Calculate 2 + (-9 + -30 + -11 - -15).
-33
What is the value of 33 + (71 + -22 - -37 - 36)?
83
What is the value of (18 - (28 + -18 + 2)) + (-67 + 1 - 0)?
-60
What is the value of 9 + -15 + 11 + -2 + -3 + -40 + 35?
-5
Calculate -15 - (-6 - (-15 + -11)) - 47.
-82
Evaluate (-184 - -291) + (-25 + 13 - -13).
108
Evaluate (-79 - -42) + 56 - 24 - 24.
-29
What is -35 - -2 - (58 - (-8 + 12))?
-87
Calculate 91 + 3 + (5008 - 4997).
105
Calculate (-76 - -57 - -4 - (0 + -20)) + -30.
-25
What is 0 + 11 - (-9 + -17 + 18 + -13)?
32
Evaluate 209 + (-25 - (27 - -57)).
100
What is the value of 1 + (0 - (-3 - -4)) - (14 + -25 + 12)?
-1
-3 + 7 + -20 + 26 - (0 + 41)
-31
Evaluate 16 + (-57 - (-109 + 108 - (1 - 1))).
-40
What is the value of -201 + (93 - (-80 - -55))?
-83
Calculate -26 + (9 + (-3 - -18) - 6).
-8
What is -8 + (0 - -3 - (-24 - (-22 + -10)))?
-13
What is -21 + (25 - 32 - -22) + 22 + 0 - 1?
15
(1 + -12 - 1) + -1 + 15 + -66
-64
Evaluate -53 - (-21 + (22 - 44)).
-10
((55 - 32) + 1 - 3) + -6
15
Calculate 23 + -69 + 15 + 15 + 19.
3
Evaluate 1 + -2 + 8 - (1 + 24 - -5).
-23
27 + -19 + (7 - (6 + 47)) - -3 - 3
-38
0 + 17 + (154 - 143) + -5
23
What is the value of 3 - (14 + 16 + -14 + -5 + -59)?
51
Calculate 21 + -6 - (-396 + 453 - (1 - 22)).
-63
-62 - 0 - (-3546 + 3481)
3
Calculate (6 + (-10 + 2 - -9) - -4) + (0 - 11).
0
Evaluate 3678 + -3766 + (81 - 0).
-7
What is the value of -132 + -37 + -115 + 228?
-56
Evaluate 4 + 0 + -62 + (-18 - 8 - (-7 + -10)).
-67
Calculate 45 - (27 + -20 - -19).
19
What is -48 - ((-1 - (4 + 3)) + 22)?
-62
Evaluate -1 - -53 - 50 - (43 + -1).
-40
Calculate 42 + -4 + 1 + -6 + (12 - 14) + 16.
47
What is the value of 4 - 7 - (-47 + -1 + (-32 - -27 - -9))?
41
Calculate (-61 - (163 - 179)) + 4 + 0.
-41
13 + -4 + -1 + (-13 - (-56 + (1 - 4)))
54
Evaluate 31 + (-15 - (-5 + -9)) + (-5 - 3).
22
-31 - (33 + (-62 - -9) + -17)
6
What is -25 - (5 - 25 - 19) - -20?
34
Evaluate 30 - (18 + 11 + -14) - 5.
10
What is the value of (-1 - 2) + (21 + -20 - 24)?
-26
What is -69 + (4 - 6) - (-9 + (20 - 19) - -10)?
-73
-106 + -97 + 160 + -37
-80
Evaluate (5 - -6) + (0 - (-8 - -53)) + -11.
-45
What is the value of -16 - (57 - (54 + -41))?
-60
What is the value of 48 + 2 + -4 + (-6 + 21 + 3 - 16)?
48
(15 - -27) + -55 - (1 - -28)
-42
2 - -1 - ((-9 - (-7 - (2 - 5))) + 9)
-1
Evaluate 14 - (8 - (15 - (-13 - -9)) - -69).
-44
-3 - (2 - 18) - (-37 + -38 + 35)
53
1 - (-22 + 41 - 9) - (0 - (-1 + -8))
-18
What is the value of 1 + 12 + -7 + -11 - (18 - -18)?
-41
What is the value of -4 + 55 + -2 + -1?
48
What is 15 + (8 - (-21 + 22)) + -15?
7
Calculate (50 - (2 - -4)) + (13 + -13 - -1) - -10.
55
Calculate (-546 - -534) + (2 + -3 - -5).
-8
Evaluate -163 + 187 - (51 + -2).
-25
What is the value of ((-27 - -28) + -13 - -6) + (0 - -57 - 3)?
48
What is 10 + -3 + -21 + 13 + -11 + 1?
-11
-8 + 10 + -9 + 144 + -117
20
What is the value of -40 + -1 + -4 + (61 - 77)?
-61
What is the value of (384 + -52 - 350) + (0 + 9 - 0)?
-9
Evaluate 16 + -3 + (16 - 35 - -23) + -12.
5
Calculate 4 + (32 + -5 - -1) - -4.
36
Calculate 47 - -15 - ((-11 - -5) + 24).
44
Calculate -17 - (2 - ((-6 - -35) + -15)).
-5
What is the value of 16 - -1 - 2 - (109 + -46 + -52)?
4
What is -577 + 522 - (1 + -11 - 3)?
-42
What is the value of (-15 - 2) + -28 + 78 + -31?
2
Calculate (-14 - -30 - 19) + 53 + (5 - 6).
49
What is the value of 13 - (-5 - (-17 + 7)) - (-53 + -4)?
65
What is -1565 + 1522 + 1 + -7?
-49
What is (-14 + 7 + 24 - 12) + -24?
-19
What is 8 + (11 - 4 - (1 + 12 + -17))?
19
Evaluate -2 - -2 - 2 - (617 + -631).
12
Calculate (-18 - -11) + (-1 - -38 - (82 - 48 - 32)).
28
What is -101 + (9 - 26) + (-6 - (5 - 3) - -23)?
-103
Calculate -12 - ((3 - 21) + -16 + 120).
-98
Calculate 14 - (-6 + -46 + 6).
60
Calculate (-19 - 0) + -2153 + 2126.
-46
What is (38 - 53) + 1 + 11 + 10 + -6?
1
-38 + -14 + (7 + 6 - (-6 - 7))
-26
Calculate 7 + 1 - (24 - 13 - (-6 + 56)).
47
-6 + -3 + -6 + 36 + (-21 - (-11 + 0))
11
Calculate 24 - -41 - (81 + 34).
-50
176 + (-106 - 65) - (5 + -3 + 53)
-50
Calculate -67 + 1 + (0 - (12 + -19)) + (-26 - -12).
-73
Calculate (2 - (-2 + 4)) + 1902 + -1903 + 21.
20
Calculate (-35 - (9 - 44)) + -18 + -11.
-29
-19 + -17 + (1 - -19) + -22
-38
What is -33 + 18 - (54 - (13 + 15))?
-41
29 - (-163 - -38) - 58
96
What is the value of 8 - (-2 + -17 + 7 - (-51 + 34))?
3
Evaluate (-6 - (7 + 6)) + 13 + -20 + 20.
-6
Calculate -46 + -3 + 26 + (-2 - 0).
-25
What is 51 + (-47 + 31 - -2) - (-25 + 2)?
60
Calculate -67 + 3 + 155 + -19.
72
Calculate 25 + -1 + 167 + -173.
18
Evaluate -50 + (5 + -24 - -44).
-25
What is the value of 2 - 50 - (-1930 - -1860)?
22
What is 12 - (114 + 11 + -20 - (7 - 0))?
-86
Evaluate (91 - -21) + (-43 - 40).
29
What is the value of 29 + (1 - 30) + 30?
30
What is 8 + -6 + -10 + 11 + -11 - 31?
-39
Evaluate (11 - (-21 + 19)) + 20 + -14.
19
What is the value of -590 - -594 - (22 - -2)?
-20
Evaluate -2 - 2 - (-15 - (-19 + -8 + 22)).
6
What is 5 - 6 - (-24 + 28 - (2 + 2))?
-1
What is the value of 5 - (-5 + -1 + 5 + (-39 - -18) + 25)?
2
-103 - (27 + -12) - -13 - (-4 + (13 - 3))
-111
What is the value of (-102 - 2) + (-66 - (-132 + 41))?
-79
Calculate -141 + 58 + -73 + 60.
-96
What is 38 - (-40 + 30 + 34)?
14
What is the value of 25 - (-55 + -18 - -80)?
18
What is the value of -62 + 2 + 13 + 8 + -9 + -9?
-57
What is 22132 - 22176 - (1 + 95)?
-140
Evaluate -85 + 84 + (1 - (-1 - -6 - (-40 + 6))).
-39
Calculate (-1 - (0 + -2)) + (292 + -311 - 43).
-61
Calculate -11 + -88 - (189 + -225).
-63
Calculate (19 + 23 - 10) + 38 + -13.
57
What is the value of 24 + -3 + 0 + -13 - ((12 - 4) + -87)?
87
Calculate (14 + -13 - 35) + (-12 - 10).
-56
What is the value of 170389 + -170296 - (1 - (43 + -1))?
134
What is the value of 0 + 28 - 63 - (-1 - -2 - (-31 + 28))?
-39
What is 62 + 10 + -55 + 51?
68
(-1 - -98) + 14332 + -14365
64
What is the value of (-37 - -56) + (-49 - -9)?
-21
Calculate -1 - 9 - (-5 - (38 + -25)) - (58 + -1).
-49
-9 - (-18 - -10) - (-65 + 2)
62
What is -37 - (-46 - (39 + -88))?
-40
(163 - 108) + (-38 - 5)
12
Evaluate 13 - ((7 - -3) + (36 + -114 - -15)).
66
Evaluate (-8 + -36 - 15) + (2 - (3 + -3)).
-57
What is 104 + (2 - 1) + (0 - 1) - (18795 + -18783)?
92
Calculate (-63 - -1) + (7748 - 7737).
-51
What is the value of (-26 - (-5 + -3)) + 41 + 118?
141
What is the value of 5933 + -5910 + 2 + 2 + -51?
-24
Calculate 65 + -111 - (-2 + (-1 - -3) + -9 - 2).
-35
Evaluate (2 - 21) + (20 - -1 - (-781 + 815)).
-32
What is the value of -14 - (-114 + 37 + 92)?
-29
Calculate 47 + 54 + -58 + 26.
69
-1 + 3 + -90 + (-148 - (-34 - 93))
-109
Evaluate 124 + -11 + -94 + 122 + 3 + -13 + -3.
128
What is the value of -76 + 10 - 18 - -29?
-55
Calculate 8 - (18 - (-15 + 26 - -51)).
52
Calculate (-15 - -9) + 35 + (-6 - -19).
42
Calculate 69 + (-75 - -66 - (0 - -5)) + 0 + 13.
68
What is the value of -22 - ((-16 - (7 + -18)) + -29)?
12
Calculate 0 + -18 + (-25 - -38) + -8 - -1.
-12
-11 - (2 - (-13 - -7) - 29) - (-3 + 68)
-55
Calculate (19 - (8 + 6)) + 11 - 5 - 57.
-46
8 + 3 - (-81 - 28 - -242)
-122
What is 48 - 29 - (-62 + 92)?
-11
Calculate -66 + 50 + 177 + -103.
58
What is the value of (42 - 50) + (1 - -12) + -64 - -9?
-50
What is the value of -3 + (7 + -36 - (-51 + 34)) + (-51 - -1)?
-65
What is 29 + (-3 + 27 - (-22 - -34))?
41
What is 307 - 300 - ((49 - 87) + (0 - 0) + -5)?
50
Evaluate (-1 - (13 + 1 + -1)) + -5 + -11.
-30
(-2 - 0) + (-22 - -14) + 69 + 15 + -1
73
Calculate -52 + 43 + 57 - -5.
53
Evaluate 81 - 82 - ((1 - -99) + 35 + -22 + -17).
-97
What is the value of (137 - (-14 + 160) - (0 + -4)) + -20?
-25
What is the value of 0 + 3 + -53 - -46?
-4
-69 + (115 - 66) + 30
10
-11 + -1 + 19 + (4 - -170 - 46)
135
What is -19 - -5 - (-9 - (-19 - -33) - -5)?
4
Calculate -18 + 33 + 51 + -96.
-30
What is 43 - (-20 + (25 - -18))?
20
What is (-15 - -8) + (8 - 0) - 